31*g = -24*g - 2086. Is g a multiple of 39?
False
Suppose 2*l + 2 = -4, -2*l = c + 3. Suppose -2*h + c*h = 11. Is 4 a factor of h?
False
Suppose -4*k + 35 = 3*i, k - i = -3*i + 5. Is 11 a factor of k?
True
Let x(a) = 13*a**2 + a + 6. Let j be x(-6). Let g = -1 + -1. Does 11 divide j/16 - g/(-8)?
False
Let f be 6/(-2) - -11 - 2. Suppose 2*n = f - 0. Suppose -5*c + n*c - 24 = -2*r, -5*r - 2*c = -39. Is 4 a factor of r?
False
Let t(r) = -12*r - 1. Does 11 divide t(-1)?
True
Suppose 3*x - 4*x = -13. Is 9 a factor of x?
False
Suppose -q + 15 = 4*q. Suppose -q*p = p - 64. Is 9 a factor of p?
False
Suppose 4*s = m - 5*m - 16, 2*m - 1 = s. Is 9 a factor of ((-22)/(-4) + s)*4?
False
Let l(y) = y**2 + 4*y + 3. Let n be l(-4). Suppose n*i - 2 - 7 = 0. Suppose -a + 2 = -i. Is 2 a factor of a?
False
Does 16 divide (2 - 0)/(1/17)?
False
Suppose 2*g - 5 = -1. Suppose u = -g*w + 6, 1 + 5 = 3*w. Suppose 8 + 40 = u*t. Is t a multiple of 12?
True
Let b(v) be the first derivative of v**2 - 17*v + 2. Let z be b(12). Suppose z - 33 = -l. Does 13 divide l?
True
Let p be 2/(-4) - (-1)/2. Let s = -3 - -2. Is 13 a factor of -1*37*(s + p)?
False
Suppose -p - 3 = -0*p. Let u = p + 2. Does 23 divide u/1 - 1 - -40?
False
Let m = -246 - -597. Is m a multiple of 27?
True
Let i be 60/14 + 4/(-14). Suppose 0*p = i*p - 40. Does 6 divide p?
False
Suppose -3*r = -5*q + 77, -5*q - 3*r = -19 - 64. Let l = q + -7. Does 8 divide l?
False
Suppose -5*n + 7*n - 400 = 0. Does 25 divide n?
True
Let q = -76 + -3. Let t = q - -154. Does 25 divide t?
True
Suppose 196 + 84 = -5*j. Let w = -1 + -94. Let n = j - w. Is 20 a factor of n?
False
Suppose -2*t + 36 = -38. Is t a multiple of 28?
False
Suppose -3*p + 374 = 38. Is p a multiple of 56?
True
Suppose -5*t + 0*t + 15 = 0. Suppose t*o - 3 = -p, 0 = 5*o - p + 5*p - 12. Suppose -5*b - 7 + 32 = o. Is b a multiple of 2?
False
Let h(x) = -x**2 - 12*x - 6. Let o be h(-11). Suppose 2*t + 279 = 3*z, 0 = 5*z + o*t - 570 + 105. Is z a multiple of 28?
False
Let v be 208/7 - 14/(-49). Let c = v - 12. Does 9 divide c?
True
Is 36 a factor of 4/10 - (-1068)/30?
True
Let r(s) = -10*s. Is r(-3) a multiple of 10?
True
Suppose -j = -3*j + 3*g + 39, 0 = -2*j - g + 43. Suppose 2*m = w + j, -5*m + 4*m - 2*w + 3 = 0. Is 3 a factor of m?
True
Suppose f - 12 = -4*b + 9, b + 4*f - 9 = 0. Let q(k) = 8*k + 4. Is q(b) a multiple of 22?
True
Let m(v) = -6*v**3 + v**2 - 2*v + 1. Suppose -n + 0 + 1 = 0. Let z be m(n). Let d(h) = -h**2 - 8*h + 4. Does 5 divide d(z)?
False
Let n(g) = -49*g. Let j be n(-2). Let m = j + -64. Is 17 a factor of m?
True
Suppose -5*u = i + 2*i - 121, 2*i + 4*u - 80 = 0. Does 13 divide i?
False
Suppose -2*a + 3*x - 4*x = -181, -2*x = 5*a - 450. Is 4 a factor of a?
True
Let n(l) be the second derivative of -l**5/20 - 5*l**4/12 + 5*l**3/6 + 2*l**2 - l. Let b = -15 + 9. Does 6 divide n(b)?
False
Let i(v) = -10*v - 1. Let t be i(-1). Let r(u) = u**2 - 9*u + 12. Is r(t) a multiple of 5?
False
Is 10 a factor of 4*(-4)/((-16)/67)?
False
Let c be 0*1/(0 - 1). Suppose c*v + v - 40 = 0. Does 10 divide v?
True
Suppose 0 = -5*s - 5*l + 75, -2*l + l + 32 = 2*s. Suppose -2*a + 5*x - 40 = -6*a, -a = 3*x - s. Does 2 divide a?
False
Is ((-171)/(-54))/(1/6) a multiple of 2?
False
Suppose 5*x + 4*r - 141 = 99, 4*x = -3*r + 192. Does 8 divide x?
True
Let q = 20 + 4. Does 24 divide q?
True
Suppose -a - 6 = -4*a. Suppose a*p - t - 3*t = 72, -3*p + 113 = -t. Is p a multiple of 10?
False
Suppose -3*r = -1 - 8, -h + 2*r = 8. Let q(f) = -2*f - 1. Let k(d) = d. Let b(v) = -4*k(v) + q(v). Does 11 divide b(h)?
True
Suppose -35*d + 41*d - 666 = 0. Is d a multiple of 11?
False
Let i be 12/30 - 34/10. Let x = 11 + -21. Let s = i - x. Is s a multiple of 3?
False
Suppose -u - 107 = -5*l, 5*l + 0 = -2*u + 116. Is 22 a factor of l?
True
Let v be (-3 + (1 - -1))*-4. Let h(m) = -v - 2 + 5 - 7*m. Is h(-3) a multiple of 9?
False
Let b = 11 + -7. Suppose -k - 4*k - 324 = -4*q, -2*q + 162 = b*k. Suppose -231 = -5*d - q. Does 26 divide d?
False
Let y be ((-10)/6)/(4/(-288)). Let z be ((-6)/9)/((-4)/y). Let n = -8 + z. Does 5 divide n?
False
Let q(x) = 134*x**2 - x - 1. Does 27 divide q(-1)?
False
Is (164/(-4) + 2)/((-5)/15) a multiple of 13?
True
Suppose -4*l - 89 = -565. Is 17 a factor of l?
True
Suppose -4*g + 4*i = 20, 5*g + 0*i = 3*i - 25. Let r(j) = -5*j**2 - 8*j - 3. Let d(o) = -6*o**2 - 7*o - 3. Let z(x) = -4*d(x) + 5*r(x). Does 16 divide z(g)?
True
Let g = -6 - -8. Suppose -g*r + r = -18. Does 6 divide r?
True
Suppose 5*a + a = 432. Does 18 divide a?
True
Let x(r) = -r. Let q be x(-3). Suppose q*a = 105 + 252. Suppose 0*o + 162 = 3*o - 2*m, 0 = -2*o + 5*m + a. Does 26 divide o?
True
Let d(i) = -26*i + 1. Is 21 a factor of d(-1)?
False
Let n(w) = w**2 + 7*w - 7. Is 9 a factor of n(4)?
False
Is 20 a factor of 2 + 28/(-8) - 1743/(-14)?
False
Suppose -196 = -14*p - 0*p. Does 3 divide p?
False
Let l(t) = -t**2 + 9*t - 10. Let b be l(7). Suppose -5*q + 7 = -13. Suppose -q = -2*y + b. Does 4 divide y?
True
Suppose -2*c + 6*c = 12. Suppose -c = -p - 1. Suppose 5*f = -4*a + 15, -p*f + 2 = a + f. Does 3 divide a?
False
Let q(w) = -w - 8. Let f be q(-11). Is (f - 1)/(4/18) a multiple of 9?
True
Suppose k + 2 = -j, 20 = -5*j - 0*k + 5*k. Let v be (-6)/9 - 5/j. Let m(o) = 9*o. Does 9 divide m(v)?
True
Let x(r) = -4*r + 13. Let o(p) = -p + 1. Let z(m) = 3*o(m) - x(m). Let u be z(7). Let a = 6 + u. Does 3 divide a?
True
Let u(s) = -s**3 - 7*s**2 - 3*s - 9. Let l be u(-7). Suppose 3*g = -2*h + 1, -4*h = -h + l. Suppose -g*i + 62 - 20 = 0. Does 5 divide i?
False
Let m(d) = -d**2 + 11*d - 17. Is m(6) a multiple of 13?
True
Let h(f) = f**2 - f - 2. Let t be h(5). Let z be 3*(2 - (-4)/(-6)). Suppose -5*q + t = z*c, -c - 21 = -q - 2*q. Is q a multiple of 6?
True
Let n = 4 + -2. Suppose 3*w - 4*b + n*b - 161 = 0, 5*b - 101 = -2*w. Does 28 divide w?
False
Suppose 0*c = -2*c + 4, 3*c + 2 = -4*z. Let w be (z + 3 - -1) + 2. Suppose -w*j - 32 = -8*j. Does 7 divide j?
False
Suppose -3*q + 172 = q + 4*r, -r + 127 = 3*q. Is q a multiple of 14?
True
Let a = 1 + 20. Suppose 4 + a = 5*n. Suppose 0 = 5*i - 3*b - n, 0 = -2*i - b + 6*b - 17. Is i a multiple of 4?
True
Suppose 8*l - 11*l + 75 = 0. Suppose -y = 3*t - l, -y + 18 = 2*t - 6*t. Is 15 a factor of y?
False
Is 17 - 22 - (-1 + -145) a multiple of 15?
False
Let d(w) = -5. Let a(m) = m - 1. Let y(i) = -5*a(i) + d(i). Let b be y(-6). Suppose -b = -2*l - 0*l. Does 12 divide l?
False
Let f be (-8)/2*(1 - 0). Let x = f + 6. Suppose -4*g + g = k, 0 = x*k + 2*g - 12. Does 6 divide k?
False
Suppose 2*a = -4*d + 98, 5*a + 5*d = -121 + 351. Let y = -31 + a. Is y a multiple of 4?
True
Is (-168)/((-9)/(-6)*-1) a multiple of 13?
False
Suppose r = 2*r - 15. Is r a multiple of 3?
True
Let l = 2 - -48. Is l a multiple of 13?
False
Suppose 4*o + 8 = 32. Let x = 3 + o. Is 9 a factor of x?
True
Suppose 10 = -4*k - v + 25, 3*k - v = 20. Suppose k*f - 144 = -3*b, -3*f = -2*b - 0*b - 75. Does 8 divide f?
False
Suppose -11*q + 14*q - 159 = 4*p, p = -2*q + 117. Does 15 divide q?
False
Suppose -d + 4 = 2. Suppose 60 = d*a + o, 3*a + 30 = 4*a - 3*o. Does 9 divide a?
False
Let m be 2 + 58 + -3 + 0. Let y = 0 + 0. Suppose -3*p + m = -y*p. Does 8 divide p?
False
Let x be 3 + -3 - (-14)/(-2). Let i = x + 5. Is i/(-6) - 17/(-3) a multiple of 6?
True
Suppose 5*f + 0*p + 4*p = -40, -4*p - 20 = 0. Let q be (-18)/(-2) - f/2. Suppose q = y - 12. Is y a multiple of 12?
False
Suppose 2 = n + 1, -4*i - 4*n = 144. Let l = -18 - i. Is 10 a factor of l?
False
Is 19 a factor of 171 + ((-8)/(-10))/(4/(-20))?
False
Let t = -23 - -21. Is (-689)/(-39) - t/6 a multiple of 8?
False
Suppose -7 - 8 = -5*g, -5*a - g = -188. Is a a multiple of 23?
False
Let o = 2 - 5. Let x(z) = -5*z. Let a be x(o). Suppose -b + a = -0. Is 6 a factor of b?
False
Let i(b) = 2*b - 10. Let v be i(8). Let q(d) = d. Let g be q(v). Does 10 divide g/(-21) - (-410)/14?
False
Let b(m) = 11*m**3 + 6*m**2 - 2*m - 1. Let h be 6*(3/(-1) + 2). Let n(f) = -12*f**3 - 7*f**2 + 2*f + 1. Let r(x) = h*n(x) - 7*b(x). Is 3 a factor of r(-1)?
False
Suppose 8 = 2*z + 2*z, 2*d - 5*z + 6 = 0. Suppose d*r - 6*r + 20 = 0. Suppose -r*v + 96 = 5*m - 84, -v = -2*m - 42. Is v a multiple of 13?
False
Let w(x) = -2*x**3 - 2*x - 5*x + 1 + 3*x**3 + 6*x**2 - x. I